{"id":5079,"date":"2021-04-03T20:11:24","date_gmt":"2021-04-03T18:11:24","guid":{"rendered":"http:\/\/naturundmehr.at\/?page_id=5079"},"modified":"2021-05-05T17:15:46","modified_gmt":"2021-05-05T15:15:46","slug":"ueber_uns","status":"publish","type":"page","link":"https:\/\/naturundmehr.at\/?page_id=5079","title":{"rendered":"\u00dcber uns"},"content":{"rendered":"\t\t<div data-elementor-type=\"wp-page\" data-elementor-id=\"5079\" class=\"elementor elementor-5079\" data-elementor-settings=\"[]\">\n\t\t\t\t\t\t\t<div class=\"elementor-section-wrap\">\n\t\t\t\t\t\t\t<section class=\"elementor-section elementor-top-section elementor-element elementor-element-30b5e61 elementor-section-boxed elementor-section-height-default elementor-section-height-default\" data-id=\"30b5e61\" data-element_type=\"section\">\n\t\t\t\t\t\t<div class=\"elementor-container elementor-column-gap-default\">\n\t\t\t\t\t<div class=\"elementor-column elementor-col-100 elementor-top-column elementor-element elementor-element-6bd2317\" data-id=\"6bd2317\" data-element_type=\"column\">\n\t\t\t<div class=\"elementor-widget-wrap elementor-element-populated\">\n\t\t\t\t\t\t\t\t<section class=\"elementor-section elementor-inner-section elementor-element elementor-element-e933016 elementor-section-boxed elementor-section-height-default elementor-section-height-default\" data-id=\"e933016\" data-element_type=\"section\">\n\t\t\t\t\t\t\t<div class=\"elementor-background-overlay\"><\/div>\n\t\t\t\t\t\t\t<div class=\"elementor-container elementor-column-gap-default\">\n\t\t\t\t\t<div class=\"elementor-column elementor-col-50 elementor-inner-column elementor-element elementor-element-c240008\" data-id=\"c240008\" data-element_type=\"column\">\n\t\t\t<div class=\"elementor-widget-wrap elementor-element-populated\">\n\t\t\t\t\t\t\t\t<div class=\"elementor-element elementor-element-52d21de elementor-widget elementor-widget-image\" data-id=\"52d21de\" data-element_type=\"widget\" data-widget_type=\"image.default\">\n\t\t\t\t<div class=\"elementor-widget-container\">\n\t\t\t\t\t\t\t\t\t\t\t\t\t\t\t<img loading=\"lazy\" decoding=\"async\" width=\"75\" height=\"33\" src=\"https:\/\/naturundmehr.at\/wp-content\/uploads\/2021\/03\/logo-leaf-new.png\" class=\"attachment-full size-full\" alt=\"\" \/>\t\t\t\t\t\t\t\t\t\t\t\t\t\t\t<\/div>\n\t\t\t\t<\/div>\n\t\t\t\t<div class=\"elementor-element elementor-element-9ea377e elementor-widget elementor-widget-image\" data-id=\"9ea377e\" data-element_type=\"widget\" data-widget_type=\"image.default\">\n\t\t\t\t<div class=\"elementor-widget-container\">\n\t\t\t\t\t\t\t\t\t\t\t\t\t\t\t<img decoding=\"async\" src=\"https:\/\/naturundmehr.at\/wp-content\/uploads\/elementor\/thumbs\/naturmehr_002-p6khaainndsjohlaesiz2j3148o1sr511nekh3kbuo.jpg\" title=\"natur&#038;mehr_002\" alt=\"natur&mehr_002\" \/>\t\t\t\t\t\t\t\t\t\t\t\t\t\t\t<\/div>\n\t\t\t\t<\/div>\n\t\t\t\t<div class=\"elementor-element elementor-element-7e29bea elementor-widget elementor-widget-image\" data-id=\"7e29bea\" data-element_type=\"widget\" data-widget_type=\"image.default\">\n\t\t\t\t<div class=\"elementor-widget-container\">\n\t\t\t\t\t\t\t\t\t\t\t\t\t\t\t<img loading=\"lazy\" decoding=\"async\" width=\"1024\" height=\"683\" src=\"https:\/\/naturundmehr.at\/wp-content\/uploads\/2021\/05\/naturmehr_001-1024x683.jpg\" class=\"attachment-large size-large\" alt=\"\" srcset=\"https:\/\/naturundmehr.at\/wp-content\/uploads\/2021\/05\/naturmehr_001-1024x683.jpg 1024w, https:\/\/naturundmehr.at\/wp-content\/uploads\/2021\/05\/naturmehr_001-300x200.jpg 300w, https:\/\/naturundmehr.at\/wp-content\/uploads\/2021\/05\/naturmehr_001-768x512.jpg 768w, https:\/\/naturundmehr.at\/wp-content\/uploads\/2021\/05\/naturmehr_001.jpg 1200w\" sizes=\"auto, (max-width: 1024px) 100vw, 1024px\" \/>\t\t\t\t\t\t\t\t\t\t\t\t\t\t\t<\/div>\n\t\t\t\t<\/div>\n\t\t\t\t<div class=\"elementor-element elementor-element-1e2a206 elementor-widget elementor-widget-image\" data-id=\"1e2a206\" data-element_type=\"widget\" data-widget_type=\"image.default\">\n\t\t\t\t<div class=\"elementor-widget-container\">\n\t\t\t\t\t\t\t\t\t\t\t\t\t\t\t<img loading=\"lazy\" decoding=\"async\" width=\"75\" height=\"33\" src=\"https:\/\/naturundmehr.at\/wp-content\/uploads\/2021\/03\/logo-leaf-new.png\" class=\"attachment-full size-full\" alt=\"\" \/>\t\t\t\t\t\t\t\t\t\t\t\t\t\t\t<\/div>\n\t\t\t\t<\/div>\n\t\t\t\t\t<\/div>\n\t\t<\/div>\n\t\t\t\t<div class=\"elementor-column elementor-col-50 elementor-inner-column elementor-element elementor-element-b20d453\" data-id=\"b20d453\" data-element_type=\"column\">\n\t\t\t<div class=\"elementor-widget-wrap elementor-element-populated\">\n\t\t\t\t\t\t\t\t<div class=\"elementor-element elementor-element-61b4ddb elementor-widget elementor-widget-text-editor\" data-id=\"61b4ddb\" data-element_type=\"widget\" data-widget_type=\"text-editor.default\">\n\t\t\t\t<div class=\"elementor-widget-container\">\n\t\t\t\t\t\t\t\t<h2>Natur &amp; mehr!<\/h2><p><strong style=\"font-style: inherit;\">D<\/strong><span style=\"font-style: inherit; font-weight: inherit;\">ank meiner treuen Kundinnen &amp; Kunden hat sich seit der<br \/><\/span><span style=\"font-style: inherit; font-weight: inherit;\">Gr\u00fcndung 2013 in meinem kleinen, feinen Fachgesch\u00e4ft viel getan.<br \/><\/span><span style=\"font-style: inherit; font-weight: inherit;\">Ja, ich darf sogar sagen: etliche von ihnen wurden zur Freundin,<br \/><\/span><span style=\"font-style: inherit;\"><span style=\"font-weight: inherit;\">zum Freund und NATUR &amp; MEHR ist MEHR geworden.<\/span><br \/><\/span><strong style=\"font-style: inherit;\">N<\/strong><span style=\"font-style: inherit; font-weight: inherit;\">och immer ist es meine Leidenschaft, euch mit nat\u00fcrlichen,<br \/><\/span><span style=\"font-style: inherit;\"><span style=\"font-weight: inherit;\">hochwertigen Produkten und Geschenkideen zu erfreuen.<\/span><br \/><\/span><strong style=\"font-style: inherit;\">M<\/strong><span style=\"font-style: inherit; font-weight: inherit;\">ein umfangreiches Angebot an Naturkosmetik, R\u00e4ucherprodukten<br \/><\/span><span style=\"font-style: inherit; font-weight: inherit;\">samt Zubeh\u00f6r, D\u00fcften und \u00d6len sowie mit den beliebten Schokoladen<br \/><\/span><span style=\"font-style: inherit; font-weight: inherit;\">bekannter Chocolatiers wurde vergr\u00f6\u00dfert, die Produktpalette erweitert,<br \/><\/span><span style=\"font-style: inherit; font-weight: inherit;\">neue Artikel dazu genommen. Viele regionale Produkte wie<br \/><\/span><span style=\"font-style: inherit;\"><span style=\"font-weight: inherit;\">BIO-Getreide, Saaten, M\u00fcslis u.s.w. sind jetzt bei mir zu haben.<\/span><br \/><\/span><strong style=\"font-style: inherit;\">E<\/strong><span style=\"font-style: inherit; font-weight: inherit;\">s gibt noch MEHR f\u00fcr Herz &amp; Seele, K\u00f6rper &amp; Gesundheit,<br \/><\/span><span style=\"font-style: inherit; font-weight: inherit;\">Wohlgef\u00fchl &amp; Sch\u00f6nheit sowie f\u00fcr den ganz besonderen Anlass,<br \/><\/span><span style=\"font-style: inherit; font-weight: inherit;\">um mit allen Sinnen genie\u00dfen zu k\u00f6nnen. Gerne berate ich und lade<br \/><\/span><span style=\"font-style: inherit; font-weight: inherit;\">dich\/euch ein.<\/span><\/p><h4>Weiters finden Sie in meinem Gesch\u00e4ft:<\/h4><ul><li>Puren Teegenuss von SONNENTOR<\/li><li>Gesichtskosmetik von HELIOTROP<\/li><li>K\u00f6rper- und Haarpflege von WELEDA und STYX<\/li><li>R\u00e4ucherprodukte und Zubeh\u00f6r<\/li><li>Dekorative Kosmetik von Sante<\/li><li>\u00c4therische \u00d6le, Basis\u00f6le, sowie Aromatherapie Produkte von STYX<\/li><li>Teekannen als nette Geschenkidee<\/li><li>CHIN MIN Produkte zur Leistungssteigerung<\/li><li>Kartoffel Handbalsam nach Waldviertler Bauernrezept<\/li><li>Ziegenbutter Massagecreme als altbew\u00e4hrtes Hausmittel<\/li><li>Diverse Badeprodukte wie Schaumb\u00e4der, Badebomben, Badekonfekt und Badekissen<\/li><li>Heilmoor und Kr\u00e4uter von SONNENMOOR<\/li><li>Trinkmoor, Gurgelwasser, Lumison, Mawoson, Lemison, Niermison<\/li><\/ul><h4 style=\"text-align: center;\"><span style=\"color: #9f855f;\"><strong><span style=\"font-style: inherit; background-color: var( --e-global-color-742aecbb );\">I<\/span>ch freu mich auf euch<\/strong><br \/>Eure Elisabeth Schmid<\/span><\/h4>\t\t\t\t\t\t<\/div>\n\t\t\t\t<\/div>\n\t\t\t\t\t<\/div>\n\t\t<\/div>\n\t\t\t\t\t\t\t<\/div>\n\t\t<\/section>\n\t\t\t\t\t<\/div>\n\t\t<\/div>\n\t\t\t\t\t\t\t<\/div>\n\t\t<\/section>\n\t\t\t\t\t\t<\/div>\n\t\t\t\t\t<\/div>\n\t\t","protected":false},"excerpt":{"rendered":"<p>Natur &amp; mehr! Dank meiner treuen Kundinnen &amp; Kunden hat sich seit derGr\u00fcndung 2013 in meinem kleinen, feinen Fachgesch\u00e4ft viel getan.Ja, ich darf sogar sagen: etliche von ihnen wurden zur Freundin,zum Freund und NATUR &amp; MEHR ist MEHR geworden.Noch immer ist es meine Leidenschaft, euch mit nat\u00fcrlichen,hochwertigen Produkten und Geschenkideen zu erfreuen.Mein umfangreiches Angebot an &hellip;<\/p>\n<p class=\"read-more\"> <a class=\"\" href=\"https:\/\/naturundmehr.at\/?page_id=5079\"> <span class=\"screen-reader-text\">\u00dcber uns<\/span> Read More \u00bb<\/a><\/p>\n","protected":false},"author":1,"featured_media":0,"parent":0,"menu_order":0,"comment_status":"closed","ping_status":"closed","template":"","meta":{"site-sidebar-layout":"no-sidebar","site-content-layout":"page-builder","ast-global-header-display":"","ast-main-header-display":"","ast-hfb-above-header-display":"","ast-hfb-below-header-display":"","ast-hfb-mobile-header-display":"","site-post-title":"disabled","ast-breadcrumbs-content":"","ast-featured-img":"disabled","footer-sml-layout":"","theme-transparent-header-meta":"disabled","adv-header-id-meta":"","stick-header-meta":"default","header-above-stick-meta":"","header-main-stick-meta":"","header-below-stick-meta":"","footnotes":""},"class_list":["post-5079","page","type-page","status-publish","hentry"],"_links":{"self":[{"href":"https:\/\/naturundmehr.at\/index.php?rest_route=\/wp\/v2\/pages\/5079","targetHints":{"allow":["GET"]}}],"collection":[{"href":"https:\/\/naturundmehr.at\/index.php?rest_route=\/wp\/v2\/pages"}],"about":[{"href":"https:\/\/naturundmehr.at\/index.php?rest_route=\/wp\/v2\/types\/page"}],"author":[{"embeddable":true,"href":"https:\/\/naturundmehr.at\/index.php?rest_route=\/wp\/v2\/users\/1"}],"replies":[{"embeddable":true,"href":"https:\/\/naturundmehr.at\/index.php?rest_route=%2Fwp%2Fv2%2Fcomments&post=5079"}],"version-history":[{"count":61,"href":"https:\/\/naturundmehr.at\/index.php?rest_route=\/wp\/v2\/pages\/5079\/revisions"}],"predecessor-version":[{"id":5683,"href":"https:\/\/naturundmehr.at\/index.php?rest_route=\/wp\/v2\/pages\/5079\/revisions\/5683"}],"wp:attachment":[{"href":"https:\/\/naturundmehr.at\/index.php?rest_route=%2Fwp%2Fv2%2Fmedia&parent=5079"}],"curies":[{"name":"wp","href":"https:\/\/api.w.org\/{rel}","templated":true}]}}